{"id":358,"date":"2025-03-14T10:56:07","date_gmt":"2025-03-14T09:56:07","guid":{"rendered":"http:\/\/wp2.iesagora.es:60011\/mjimenezv23\/?post_type=product&#038;p=358"},"modified":"2025-03-14T10:56:12","modified_gmt":"2025-03-14T09:56:12","slug":"nike-air-force-1","status":"publish","type":"product","link":"http:\/\/wp2.iesagora.es:60011\/mjimenezv23\/producto\/nike-air-force-1\/","title":{"rendered":"Nike Air Force 1"},"content":{"rendered":"<article class=\"group\/turn w-full text-token-text-primary focus-visible:outline-2 focus-visible:outline-offset-[-4px]\" dir=\"auto\" data-testid=\"conversation-turn-9\" data-scroll-anchor=\"true\">\n<div class=\"text-base my-auto mx-auto py-[18px] px-6\">\n<div class=\"mx-auto flex flex-1 text-base gap-4 md:gap-5 lg:gap-6 md:max-w-3xl lg:max-w-[40rem] xl:max-w-[48rem]\">\n<div class=\"group\/conversation-turn relative flex w-full min-w-0 flex-col agent-turn @xs\/thread:px-0 @sm\/thread:px-1.5 @md\/thread:px-4\">\n<div class=\"flex-col gap-1 md:gap-3\">\n<div class=\"flex max-w-full flex-col flex-grow\">\n<div class=\"min-h-8 text-message relative flex w-full flex-col items-end gap-2 whitespace-normal break-words text-start [.text-message+&amp;]:mt-5\" dir=\"auto\" data-message-author-role=\"assistant\" data-message-id=\"6316e1e1-9775-47d9-b378-7a7ccbaad689\" data-message-model-slug=\"gpt-4o\">\n<div class=\"flex w-full flex-col gap-1 empty:hidden first:pt-[3px]\">\n<div class=\"markdown prose w-full break-words dark:prose-invert dark\">\n<p data-start=\"203\" data-end=\"748\" data-is-last-node=\"\" data-is-only-node=\"\">Las <strong>Nike Air Force 1<\/strong> son un cl\u00e1sico atemporal en el mundo del calzado. Dise\u00f1adas con una parte superior de cuero premium, brindan durabilidad y un estilo elegante que se adapta a cualquier atuendo. Incorporan la legendaria unidad Air en la entresuela, proporcionando una amortiguaci\u00f3n superior y confort durante todo el d\u00eda. Su suela de goma con patr\u00f3n de tracci\u00f3n garantiza estabilidad y agarre en diferentes superficies. Disponibles en una variedad de colores, estas zapatillas son la combinaci\u00f3n perfecta de moda, comodidad y legado deportivo.<\/p>\n<\/div>\n<\/div>\n<\/div>\n<\/div>\n<div class=\"mb-2 flex gap-3 -ml-2\">\n<div class=\"flex items-center justify-start rounded-xl p-1\">\n<div>\n<div class=\"flex items-center transition-opacity group-hover\/turn:opacity-100 opacity-100\"><\/div>\n<\/div>\n<\/div>\n<\/div>\n<div class=\"mt-3 w-full empty:hidden\">\n<div class=\"text-center\"><\/div>\n<\/div>\n<\/div>\n<div class=\"absolute\">\n<div class=\"flex items-center justify-center\"><\/div>\n<\/div>\n<\/div>\n<\/div>\n<\/div>\n<\/article>\n<div class=\"pointer-events-none h-px w-px\" aria-hidden=\"true\" data-edge=\"true\"><\/div>\n","protected":false},"excerpt":{"rendered":"<p>Zapatillas Nike <strong>Air Force 1<\/strong>, con dise\u00f1o ic\u00f3nico y una construcci\u00f3n en cuero resistente. Su amortiguaci\u00f3n Air ofrece comodidad y soporte en cada paso.<\/p>\n","protected":false},"featured_media":359,"comment_status":"open","ping_status":"closed","template":"","meta":{"_uag_custom_page_level_css":"","site-sidebar-layout":"default","site-content-layout":"","ast-site-content-layout":"default","site-content-style":"default","site-sidebar-style":"default","ast-global-header-display":"","ast-banner-title-visibility":"","ast-main-header-display":"","ast-hfb-above-header-display":"","ast-hfb-below-header-display":"","ast-hfb-mobile-header-display":"","site-post-title":"","ast-breadcrumbs-content":"","ast-featured-img":"","footer-sml-layout":"","theme-transparent-header-meta":"default","adv-header-id-meta":"","stick-header-meta":"","header-above-stick-meta":"","header-main-stick-meta":"","header-below-stick-meta":"","astra-migrate-meta-layouts":"set","ast-page-background-enabled":"default","ast-page-background-meta":{"desktop":{"background-color":"var(--ast-global-color-5)","background-image":"","background-repeat":"repeat","background-position":"center center","background-size":"auto","background-attachment":"scroll","background-type":"","background-media":"","overlay-type":"","overlay-color":"","overlay-opacity":"","overlay-gradient":""},"tablet":{"background-color":"","background-image":"","background-repeat":"repeat","background-position":"center center","background-size":"auto","background-attachment":"scroll","background-type":"","background-media":"","overlay-type":"","overlay-color":"","overlay-opacity":"","overlay-gradient":""},"mobile":{"background-color":"","background-image":"","background-repeat":"repeat","background-position":"center center","background-size":"auto","background-attachment":"scroll","background-type":"","background-media":"","overlay-type":"","overlay-color":"","overlay-opacity":"","overlay-gradient":""}},"ast-content-background-meta":{"desktop":{"background-color":"var(--ast-global-color-4)","background-image":"","background-repeat":"repeat","background-position":"center center","background-size":"auto","background-attachment":"scroll","background-type":"","background-media":"","overlay-type":"","overlay-color":"","overlay-opacity":"","overlay-gradient":""},"tablet":{"background-color":"var(--ast-global-color-4)","background-image":"","background-repeat":"repeat","background-position":"center center","background-size":"auto","background-attachment":"scroll","background-type":"","background-media":"","overlay-type":"","overlay-color":"","overlay-opacity":"","overlay-gradient":""},"mobile":{"background-color":"var(--ast-global-color-4)","background-image":"","background-repeat":"repeat","background-position":"center center","background-size":"auto","background-attachment":"scroll","background-type":"","background-media":"","overlay-type":"","overlay-color":"","overlay-opacity":"","overlay-gradient":""}}},"product_brand":[],"product_cat":[47,46],"product_tag":[],"class_list":{"0":"post-358","1":"product","2":"type-product","3":"status-publish","4":"has-post-thumbnail","6":"product_cat-zapatillas-de-deporte","7":"product_cat-zapatos","8":"desktop-align-left","9":"tablet-align-left","10":"mobile-align-left","12":"first","13":"instock","14":"taxable","15":"shipping-taxable","16":"purchasable","17":"product-type-variable"},"yoast_head":"<!-- This site is optimized with the Yoast SEO plugin v26.8 - https:\/\/yoast.com\/product\/yoast-seo-wordpress\/ -->\n<title>Nike Air Force 1 - ReWear<\/title>\n<meta name=\"robots\" content=\"index, follow, max-snippet:-1, max-image-preview:large, max-video-preview:-1\" \/>\n<link rel=\"canonical\" href=\"http:\/\/wp2.iesagora.es:60011\/mjimenezv23\/producto\/nike-air-force-1\/\" \/>\n<meta property=\"og:locale\" content=\"es_ES\" \/>\n<meta property=\"og:type\" content=\"article\" \/>\n<meta property=\"og:title\" content=\"Nike Air Force 1 - ReWear\" \/>\n<meta property=\"og:description\" content=\"Zapatillas Nike Air Force 1, con dise\u00f1o ic\u00f3nico y una construcci\u00f3n en cuero resistente. Su amortiguaci\u00f3n Air ofrece comodidad y soporte en cada paso.\" \/>\n<meta property=\"og:url\" content=\"http:\/\/wp2.iesagora.es:60011\/mjimenezv23\/producto\/nike-air-force-1\/\" \/>\n<meta property=\"og:site_name\" content=\"ReWear\" \/>\n<meta property=\"article:modified_time\" content=\"2025-03-14T09:56:12+00:00\" \/>\n<meta property=\"og:image\" content=\"http:\/\/wp2.iesagora.es:60011\/mjimenezv23\/wp-content\/uploads\/sites\/130\/2025\/03\/Diseno-sin-titulo-5.png\" \/>\n\t<meta property=\"og:image:width\" content=\"550\" \/>\n\t<meta property=\"og:image:height\" content=\"550\" \/>\n\t<meta property=\"og:image:type\" content=\"image\/png\" \/>\n<meta name=\"twitter:card\" content=\"summary_large_image\" \/>\n<meta name=\"twitter:label1\" content=\"Tiempo de lectura\" \/>\n\t<meta name=\"twitter:data1\" content=\"1 minuto\" \/>\n<script type=\"application\/ld+json\" class=\"yoast-schema-graph\">{\"@context\":\"https:\/\/schema.org\",\"@graph\":[{\"@type\":\"WebPage\",\"@id\":\"http:\/\/wp2.iesagora.es:60011\/mjimenezv23\/producto\/nike-air-force-1\/\",\"url\":\"http:\/\/wp2.iesagora.es:60011\/mjimenezv23\/producto\/nike-air-force-1\/\",\"name\":\"Nike Air Force 1 - ReWear\",\"isPartOf\":{\"@id\":\"http:\/\/wp2.iesagora.es:60011\/mjimenezv23\/#website\"},\"primaryImageOfPage\":{\"@id\":\"http:\/\/wp2.iesagora.es:60011\/mjimenezv23\/producto\/nike-air-force-1\/#primaryimage\"},\"image\":{\"@id\":\"http:\/\/wp2.iesagora.es:60011\/mjimenezv23\/producto\/nike-air-force-1\/#primaryimage\"},\"thumbnailUrl\":\"http:\/\/wp2.iesagora.es:60011\/mjimenezv23\/wp-content\/uploads\/sites\/130\/2025\/03\/Diseno-sin-titulo-5.png\",\"datePublished\":\"2025-03-14T09:56:07+00:00\",\"dateModified\":\"2025-03-14T09:56:12+00:00\",\"breadcrumb\":{\"@id\":\"http:\/\/wp2.iesagora.es:60011\/mjimenezv23\/producto\/nike-air-force-1\/#breadcrumb\"},\"inLanguage\":\"es\",\"potentialAction\":[{\"@type\":\"ReadAction\",\"target\":[\"http:\/\/wp2.iesagora.es:60011\/mjimenezv23\/producto\/nike-air-force-1\/\"]}]},{\"@type\":\"ImageObject\",\"inLanguage\":\"es\",\"@id\":\"http:\/\/wp2.iesagora.es:60011\/mjimenezv23\/producto\/nike-air-force-1\/#primaryimage\",\"url\":\"http:\/\/wp2.iesagora.es:60011\/mjimenezv23\/wp-content\/uploads\/sites\/130\/2025\/03\/Diseno-sin-titulo-5.png\",\"contentUrl\":\"http:\/\/wp2.iesagora.es:60011\/mjimenezv23\/wp-content\/uploads\/sites\/130\/2025\/03\/Diseno-sin-titulo-5.png\",\"width\":550,\"height\":550},{\"@type\":\"BreadcrumbList\",\"@id\":\"http:\/\/wp2.iesagora.es:60011\/mjimenezv23\/producto\/nike-air-force-1\/#breadcrumb\",\"itemListElement\":[{\"@type\":\"ListItem\",\"position\":1,\"name\":\"Portada\",\"item\":\"http:\/\/wp2.iesagora.es:60011\/mjimenezv23\/\"},{\"@type\":\"ListItem\",\"position\":2,\"name\":\"Tienda\",\"item\":\"http:\/\/wp2.iesagora.es:60011\/mjimenezv23\/tienda\/\"},{\"@type\":\"ListItem\",\"position\":3,\"name\":\"Nike Air Force 1\"}]},{\"@type\":\"WebSite\",\"@id\":\"http:\/\/wp2.iesagora.es:60011\/mjimenezv23\/#website\",\"url\":\"http:\/\/wp2.iesagora.es:60011\/mjimenezv23\/\",\"name\":\"ReWear\",\"description\":\"\",\"publisher\":{\"@id\":\"http:\/\/wp2.iesagora.es:60011\/mjimenezv23\/#organization\"},\"potentialAction\":[{\"@type\":\"SearchAction\",\"target\":{\"@type\":\"EntryPoint\",\"urlTemplate\":\"http:\/\/wp2.iesagora.es:60011\/mjimenezv23\/?s={search_term_string}\"},\"query-input\":{\"@type\":\"PropertyValueSpecification\",\"valueRequired\":true,\"valueName\":\"search_term_string\"}}],\"inLanguage\":\"es\"},{\"@type\":\"Organization\",\"@id\":\"http:\/\/wp2.iesagora.es:60011\/mjimenezv23\/#organization\",\"name\":\"ReWear\",\"url\":\"http:\/\/wp2.iesagora.es:60011\/mjimenezv23\/\",\"logo\":{\"@type\":\"ImageObject\",\"inLanguage\":\"es\",\"@id\":\"http:\/\/wp2.iesagora.es:60011\/mjimenezv23\/#\/schema\/logo\/image\/\",\"url\":\"http:\/\/wp2.iesagora.es:60011\/mjimenezv23\/wp-content\/uploads\/sites\/130\/2025\/03\/cropped-Diseno-sin-titulo.png\",\"contentUrl\":\"http:\/\/wp2.iesagora.es:60011\/mjimenezv23\/wp-content\/uploads\/sites\/130\/2025\/03\/cropped-Diseno-sin-titulo.png\",\"width\":798,\"height\":481,\"caption\":\"ReWear\"},\"image\":{\"@id\":\"http:\/\/wp2.iesagora.es:60011\/mjimenezv23\/#\/schema\/logo\/image\/\"}}]}<\/script>\n<!-- \/ Yoast SEO plugin. -->","yoast_head_json":{"title":"Nike Air Force 1 - ReWear","robots":{"index":"index","follow":"follow","max-snippet":"max-snippet:-1","max-image-preview":"max-image-preview:large","max-video-preview":"max-video-preview:-1"},"canonical":"http:\/\/wp2.iesagora.es:60011\/mjimenezv23\/producto\/nike-air-force-1\/","og_locale":"es_ES","og_type":"article","og_title":"Nike Air Force 1 - ReWear","og_description":"Zapatillas Nike Air Force 1, con dise\u00f1o ic\u00f3nico y una construcci\u00f3n en cuero resistente. Su amortiguaci\u00f3n Air ofrece comodidad y soporte en cada paso.","og_url":"http:\/\/wp2.iesagora.es:60011\/mjimenezv23\/producto\/nike-air-force-1\/","og_site_name":"ReWear","article_modified_time":"2025-03-14T09:56:12+00:00","og_image":[{"width":550,"height":550,"url":"http:\/\/wp2.iesagora.es:60011\/mjimenezv23\/wp-content\/uploads\/sites\/130\/2025\/03\/Diseno-sin-titulo-5.png","type":"image\/png"}],"twitter_card":"summary_large_image","twitter_misc":{"Tiempo de lectura":"1 minuto"},"schema":{"@context":"https:\/\/schema.org","@graph":[{"@type":"WebPage","@id":"http:\/\/wp2.iesagora.es:60011\/mjimenezv23\/producto\/nike-air-force-1\/","url":"http:\/\/wp2.iesagora.es:60011\/mjimenezv23\/producto\/nike-air-force-1\/","name":"Nike Air Force 1 - ReWear","isPartOf":{"@id":"http:\/\/wp2.iesagora.es:60011\/mjimenezv23\/#website"},"primaryImageOfPage":{"@id":"http:\/\/wp2.iesagora.es:60011\/mjimenezv23\/producto\/nike-air-force-1\/#primaryimage"},"image":{"@id":"http:\/\/wp2.iesagora.es:60011\/mjimenezv23\/producto\/nike-air-force-1\/#primaryimage"},"thumbnailUrl":"http:\/\/wp2.iesagora.es:60011\/mjimenezv23\/wp-content\/uploads\/sites\/130\/2025\/03\/Diseno-sin-titulo-5.png","datePublished":"2025-03-14T09:56:07+00:00","dateModified":"2025-03-14T09:56:12+00:00","breadcrumb":{"@id":"http:\/\/wp2.iesagora.es:60011\/mjimenezv23\/producto\/nike-air-force-1\/#breadcrumb"},"inLanguage":"es","potentialAction":[{"@type":"ReadAction","target":["http:\/\/wp2.iesagora.es:60011\/mjimenezv23\/producto\/nike-air-force-1\/"]}]},{"@type":"ImageObject","inLanguage":"es","@id":"http:\/\/wp2.iesagora.es:60011\/mjimenezv23\/producto\/nike-air-force-1\/#primaryimage","url":"http:\/\/wp2.iesagora.es:60011\/mjimenezv23\/wp-content\/uploads\/sites\/130\/2025\/03\/Diseno-sin-titulo-5.png","contentUrl":"http:\/\/wp2.iesagora.es:60011\/mjimenezv23\/wp-content\/uploads\/sites\/130\/2025\/03\/Diseno-sin-titulo-5.png","width":550,"height":550},{"@type":"BreadcrumbList","@id":"http:\/\/wp2.iesagora.es:60011\/mjimenezv23\/producto\/nike-air-force-1\/#breadcrumb","itemListElement":[{"@type":"ListItem","position":1,"name":"Portada","item":"http:\/\/wp2.iesagora.es:60011\/mjimenezv23\/"},{"@type":"ListItem","position":2,"name":"Tienda","item":"http:\/\/wp2.iesagora.es:60011\/mjimenezv23\/tienda\/"},{"@type":"ListItem","position":3,"name":"Nike Air Force 1"}]},{"@type":"WebSite","@id":"http:\/\/wp2.iesagora.es:60011\/mjimenezv23\/#website","url":"http:\/\/wp2.iesagora.es:60011\/mjimenezv23\/","name":"ReWear","description":"","publisher":{"@id":"http:\/\/wp2.iesagora.es:60011\/mjimenezv23\/#organization"},"potentialAction":[{"@type":"SearchAction","target":{"@type":"EntryPoint","urlTemplate":"http:\/\/wp2.iesagora.es:60011\/mjimenezv23\/?s={search_term_string}"},"query-input":{"@type":"PropertyValueSpecification","valueRequired":true,"valueName":"search_term_string"}}],"inLanguage":"es"},{"@type":"Organization","@id":"http:\/\/wp2.iesagora.es:60011\/mjimenezv23\/#organization","name":"ReWear","url":"http:\/\/wp2.iesagora.es:60011\/mjimenezv23\/","logo":{"@type":"ImageObject","inLanguage":"es","@id":"http:\/\/wp2.iesagora.es:60011\/mjimenezv23\/#\/schema\/logo\/image\/","url":"http:\/\/wp2.iesagora.es:60011\/mjimenezv23\/wp-content\/uploads\/sites\/130\/2025\/03\/cropped-Diseno-sin-titulo.png","contentUrl":"http:\/\/wp2.iesagora.es:60011\/mjimenezv23\/wp-content\/uploads\/sites\/130\/2025\/03\/cropped-Diseno-sin-titulo.png","width":798,"height":481,"caption":"ReWear"},"image":{"@id":"http:\/\/wp2.iesagora.es:60011\/mjimenezv23\/#\/schema\/logo\/image\/"}}]}},"uagb_featured_image_src":{"full":["http:\/\/wp2.iesagora.es:60011\/mjimenezv23\/wp-content\/uploads\/sites\/130\/2025\/03\/Diseno-sin-titulo-5.png",550,550,false],"thumbnail":["http:\/\/wp2.iesagora.es:60011\/mjimenezv23\/wp-content\/uploads\/sites\/130\/2025\/03\/Diseno-sin-titulo-5-150x150.png",150,150,true],"medium":["http:\/\/wp2.iesagora.es:60011\/mjimenezv23\/wp-content\/uploads\/sites\/130\/2025\/03\/Diseno-sin-titulo-5-300x300.png",300,300,true],"medium_large":["http:\/\/wp2.iesagora.es:60011\/mjimenezv23\/wp-content\/uploads\/sites\/130\/2025\/03\/Diseno-sin-titulo-5.png",550,550,false],"large":["http:\/\/wp2.iesagora.es:60011\/mjimenezv23\/wp-content\/uploads\/sites\/130\/2025\/03\/Diseno-sin-titulo-5.png",550,550,false],"1536x1536":["http:\/\/wp2.iesagora.es:60011\/mjimenezv23\/wp-content\/uploads\/sites\/130\/2025\/03\/Diseno-sin-titulo-5.png",550,550,false],"2048x2048":["http:\/\/wp2.iesagora.es:60011\/mjimenezv23\/wp-content\/uploads\/sites\/130\/2025\/03\/Diseno-sin-titulo-5.png",550,550,false],"woocommerce_thumbnail":["http:\/\/wp2.iesagora.es:60011\/mjimenezv23\/wp-content\/uploads\/sites\/130\/2025\/03\/Diseno-sin-titulo-5-300x300.png",300,300,true],"woocommerce_single":["http:\/\/wp2.iesagora.es:60011\/mjimenezv23\/wp-content\/uploads\/sites\/130\/2025\/03\/Diseno-sin-titulo-5.png",550,550,false],"woocommerce_gallery_thumbnail":["http:\/\/wp2.iesagora.es:60011\/mjimenezv23\/wp-content\/uploads\/sites\/130\/2025\/03\/Diseno-sin-titulo-5-100x100.png",100,100,true]},"uagb_author_info":{"display_name":"mjimenezv23","author_link":"http:\/\/wp2.iesagora.es:60011\/mjimenezv23\/author\/"},"uagb_comment_info":0,"uagb_excerpt":"Zapatillas Nike Air Force 1, con dise\u00f1o ic\u00f3nico y una construcci\u00f3n en cuero resistente. Su amortiguaci\u00f3n Air ofrece comodidad y soporte en cada paso.","_links":{"self":[{"href":"http:\/\/wp2.iesagora.es:60011\/mjimenezv23\/wp-json\/wp\/v2\/product\/358","targetHints":{"allow":["GET"]}}],"collection":[{"href":"http:\/\/wp2.iesagora.es:60011\/mjimenezv23\/wp-json\/wp\/v2\/product"}],"about":[{"href":"http:\/\/wp2.iesagora.es:60011\/mjimenezv23\/wp-json\/wp\/v2\/types\/product"}],"replies":[{"embeddable":true,"href":"http:\/\/wp2.iesagora.es:60011\/mjimenezv23\/wp-json\/wp\/v2\/comments?post=358"}],"wp:featuredmedia":[{"embeddable":true,"href":"http:\/\/wp2.iesagora.es:60011\/mjimenezv23\/wp-json\/wp\/v2\/media\/359"}],"wp:attachment":[{"href":"http:\/\/wp2.iesagora.es:60011\/mjimenezv23\/wp-json\/wp\/v2\/media?parent=358"}],"wp:term":[{"taxonomy":"product_brand","embeddable":true,"href":"http:\/\/wp2.iesagora.es:60011\/mjimenezv23\/wp-json\/wp\/v2\/product_brand?post=358"},{"taxonomy":"product_cat","embeddable":true,"href":"http:\/\/wp2.iesagora.es:60011\/mjimenezv23\/wp-json\/wp\/v2\/product_cat?post=358"},{"taxonomy":"product_tag","embeddable":true,"href":"http:\/\/wp2.iesagora.es:60011\/mjimenezv23\/wp-json\/wp\/v2\/product_tag?post=358"}],"curies":[{"name":"wp","href":"https:\/\/api.w.org\/{rel}","templated":true}]}}