{"id":107,"date":"2025-01-29T19:46:05","date_gmt":"2025-01-29T18:46:05","guid":{"rendered":"http:\/\/wp2.iesagora.es:60011\/mborrallop01\/?page_id=107"},"modified":"2025-01-29T19:48:34","modified_gmt":"2025-01-29T18:48:34","slug":"aviso-legal","status":"publish","type":"page","link":"http:\/\/wp2.iesagora.es:60011\/mborrallop01\/aviso-legal\/","title":{"rendered":"Aviso legal"},"content":{"rendered":"\t\t<div data-elementor-type=\"wp-page\" data-elementor-id=\"107\" class=\"elementor elementor-107\" data-elementor-post-type=\"page\">\n\t\t\t\t\t\t<section class=\"elementor-section elementor-top-section elementor-element elementor-element-eff91f6 elementor-section-boxed elementor-section-height-default elementor-section-height-default\" data-id=\"eff91f6\" data-element_type=\"section\">\n\t\t\t\t\t\t<div class=\"elementor-container elementor-column-gap-default\">\n\t\t\t\t\t<div class=\"elementor-column elementor-col-100 elementor-top-column elementor-element elementor-element-0ef9190\" data-id=\"0ef9190\" data-element_type=\"column\">\n\t\t\t<div class=\"elementor-widget-wrap elementor-element-populated\">\n\t\t\t\t\t\t<div class=\"elementor-element elementor-element-d1f1741 elementor-widget elementor-widget-heading\" data-id=\"d1f1741\" data-element_type=\"widget\" data-widget_type=\"heading.default\">\n\t\t\t\t<div class=\"elementor-widget-container\">\n\t\t\t\t\t<h2 class=\"elementor-heading-title elementor-size-default\">Aviso legal<\/h2>\t\t\t\t<\/div>\n\t\t\t\t<\/div>\n\t\t\t\t\t<\/div>\n\t\t<\/div>\n\t\t\t\t\t<\/div>\n\t\t<\/section>\n\t\t\t\t<section class=\"elementor-section elementor-top-section elementor-element elementor-element-e27e03b elementor-section-boxed elementor-section-height-default elementor-section-height-default\" data-id=\"e27e03b\" data-element_type=\"section\">\n\t\t\t\t\t\t<div class=\"elementor-container elementor-column-gap-default\">\n\t\t\t\t\t<div class=\"elementor-column elementor-col-100 elementor-top-column elementor-element elementor-element-3c31986\" data-id=\"3c31986\" data-element_type=\"column\">\n\t\t\t<div class=\"elementor-widget-wrap elementor-element-populated\">\n\t\t\t\t\t\t<div class=\"elementor-element elementor-element-9af1546 elementor-widget elementor-widget-text-editor\" data-id=\"9af1546\" data-element_type=\"widget\" data-widget_type=\"text-editor.default\">\n\t\t\t\t<div class=\"elementor-widget-container\">\n\t\t\t\t\t\t\t\t\t<div class=\"a-column a-span4\"><h4 class=\"sectiontitle\">Informaci\u00f3n legal<\/h4><\/div><div class=\"a-column a-span8 a-span-last\"><ul id=\"GUID-C1472456-595F-4C3A-A43C-C31C36D4CE89__UL_3BA60A7E145349608BC7FF726056C41F\" class=\"a-unordered-list a-nostyle a-vertical\"><li id=\"GUID-C1472456-595F-4C3A-A43C-C31C36D4CE89__LI_3F0426DAC2514284BD93A16F87E4A325\"><span class=\"a-list-item\"><a class=\"same_window\" href=\"https:\/\/www.amazon.es\/gp\/help\/customer\/display.html?nodeId=GLSBYFE9MGKKQXXM\" target=\"_self\">Condiciones de uso<\/a><\/span><\/li><li id=\"GUID-C1472456-595F-4C3A-A43C-C31C36D4CE89__LI_4B76C94C2EE84BBDB29516EE3FD544C2\"><span class=\"a-list-item\"><a class=\"same_window\" href=\"https:\/\/www.amazon.es\/gp\/help\/customer\/display.html?nodeId=GX7NJQ4ZB8MHFRNJ\" target=\"_self\">Aviso de privacidad de Amazon.es<\/a><\/span><\/li><li id=\"GUID-C1472456-595F-4C3A-A43C-C31C36D4CE89__LI_07C3F0D722B6466CB03B7072F67D69BE\"><span class=\"a-list-item\"><a href=\"https:\/\/www.amazon.es\/gp\/help\/customer\/display.html?nodeId=202185560\" target=\"_blank\" rel=\"noopener\">Aviso de Privacidad sobre ni\u00f1os<\/a><\/span><\/li><li id=\"GUID-C1472456-595F-4C3A-A43C-C31C36D4CE89__LI_E50496D37C184C8CA65AEB2776E65C4B\"><span class=\"a-list-item\"><a class=\"same_window\" href=\"https:\/\/www.amazon.es\/gp\/help\/customer\/display.html?nodeId=G201909220\" target=\"_self\">Dispositivo anticopia<\/a><\/span><\/li><li id=\"GUID-C1472456-595F-4C3A-A43C-C31C36D4CE89__LI_51E29EC1F5194593BCFCABDDFD2B4BDE\"><span class=\"a-list-item\"><a class=\"same_window\" href=\"https:\/\/www.amazon.es\/gp\/help\/customer\/display.html?nodeId=202066340\" target=\"_self\">Informaci\u00f3 en catal\u00e0<\/a><\/span><\/li><li id=\"GUID-C1472456-595F-4C3A-A43C-C31C36D4CE89__LI_F11AEB930C0A46D1BE60CB14D0E468E3\"><span class=\"a-list-item\"><a class=\"same_window\" href=\"https:\/\/www.amazon.es\/gp\/help\/customer\/display.html?nodeId=GYT8SUSD2E9EWE8Q\" target=\"_self\">Versiones anteriores de documentos legales<\/a><\/span><\/li><li id=\"GUID-C1472456-595F-4C3A-A43C-C31C36D4CE89__LI_E4E1B72BDA2F4D038F5BC21AC3A2F508\"><span class=\"a-list-item\"><a href=\"https:\/\/www.amazon.es\/gp\/help\/customer\/display.html?nodeId=TRBWYyyNUUhA8aBuwS\" target=\"_blank\" rel=\"noopener\">Solicitar la resoluci\u00f3n extrajudicial de una reclamaci\u00f3n en virtud de la Ley de Servicios Digitales<\/a><\/span><\/li><\/ul><\/div>\t\t\t\t\t\t\t\t<\/div>\n\t\t\t\t<\/div>\n\t\t\t\t\t<\/div>\n\t\t<\/div>\n\t\t\t\t\t<\/div>\n\t\t<\/section>\n\t\t\t\t<\/div>\n\t\t","protected":false},"excerpt":{"rendered":"<p>Aviso legal Informaci\u00f3n legal Condiciones de uso Aviso de privacidad de Amazon.es Aviso de Privacidad sobre ni\u00f1os Dispositivo anticopia Informaci\u00f3 [&hellip;]<\/p>\n","protected":false},"author":54,"featured_media":0,"parent":0,"menu_order":0,"comment_status":"closed","ping_status":"closed","template":"","meta":{"site-sidebar-layout":"no-sidebar","site-content-layout":"","ast-site-content-layout":"full-width-container","site-content-style":"default","site-sidebar-style":"default","ast-global-header-display":"","ast-banner-title-visibility":"","ast-main-header-display":"","ast-hfb-above-header-display":"","ast-hfb-below-header-display":"","ast-hfb-mobile-header-display":"","site-post-title":"disabled","ast-breadcrumbs-content":"","ast-featured-img":"disabled","footer-sml-layout":"","theme-transparent-header-meta":"","adv-header-id-meta":"","stick-header-meta":"","header-above-stick-meta":"","header-main-stick-meta":"","header-below-stick-meta":"","astra-migrate-meta-layouts":"default","ast-page-background-enabled":"default","ast-page-background-meta":{"desktop":{"background-color":"var(--ast-global-color-5)","background-image":"","background-repeat":"repeat","background-position":"center center","background-size":"auto","background-attachment":"scroll","background-type":"","background-media":"","overlay-type":"","overlay-color":"","overlay-opacity":"","overlay-gradient":""},"tablet":{"background-color":"","background-image":"","background-repeat":"repeat","background-position":"center center","background-size":"auto","background-attachment":"scroll","background-type":"","background-media":"","overlay-type":"","overlay-color":"","overlay-opacity":"","overlay-gradient":""},"mobile":{"background-color":"","background-image":"","background-repeat":"repeat","background-position":"center center","background-size":"auto","background-attachment":"scroll","background-type":"","background-media":"","overlay-type":"","overlay-color":"","overlay-opacity":"","overlay-gradient":""}},"ast-content-background-meta":{"desktop":{"background-color":"var(--ast-global-color-4)","background-image":"","background-repeat":"repeat","background-position":"center center","background-size":"auto","background-attachment":"scroll","background-type":"","background-media":"","overlay-type":"","overlay-color":"","overlay-opacity":"","overlay-gradient":""},"tablet":{"background-color":"var(--ast-global-color-4)","background-image":"","background-repeat":"repeat","background-position":"center center","background-size":"auto","background-attachment":"scroll","background-type":"","background-media":"","overlay-type":"","overlay-color":"","overlay-opacity":"","overlay-gradient":""},"mobile":{"background-color":"var(--ast-global-color-4)","background-image":"","background-repeat":"repeat","background-position":"center center","background-size":"auto","background-attachment":"scroll","background-type":"","background-media":"","overlay-type":"","overlay-color":"","overlay-opacity":"","overlay-gradient":""}},"footnotes":""},"class_list":["post-107","page","type-page","status-publish","hentry"],"yoast_head":"<!-- This site is optimized with the Yoast SEO plugin v26.8 - https:\/\/yoast.com\/product\/yoast-seo-wordpress\/ -->\n<title>Aviso legal - Cool Wave<\/title>\n<meta name=\"robots\" content=\"index, follow, max-snippet:-1, max-image-preview:large, max-video-preview:-1\" \/>\n<link rel=\"canonical\" href=\"http:\/\/wp2.iesagora.es:60011\/mborrallop01\/aviso-legal\/\" \/>\n<meta property=\"og:locale\" content=\"es_ES\" \/>\n<meta property=\"og:type\" content=\"article\" \/>\n<meta property=\"og:title\" content=\"Aviso legal - Cool Wave\" \/>\n<meta property=\"og:description\" content=\"Aviso legal Informaci\u00f3n legal Condiciones de uso Aviso de privacidad de Amazon.es Aviso de Privacidad sobre ni\u00f1os Dispositivo anticopia Informaci\u00f3 [&hellip;]\" \/>\n<meta property=\"og:url\" content=\"http:\/\/wp2.iesagora.es:60011\/mborrallop01\/aviso-legal\/\" \/>\n<meta property=\"og:site_name\" content=\"Cool Wave\" \/>\n<meta property=\"article:modified_time\" content=\"2025-01-29T18:48:34+00:00\" \/>\n<meta name=\"twitter:card\" content=\"summary_large_image\" \/>\n<script type=\"application\/ld+json\" class=\"yoast-schema-graph\">{\"@context\":\"https:\/\/schema.org\",\"@graph\":[{\"@type\":\"WebPage\",\"@id\":\"http:\/\/wp2.iesagora.es:60011\/mborrallop01\/aviso-legal\/\",\"url\":\"http:\/\/wp2.iesagora.es:60011\/mborrallop01\/aviso-legal\/\",\"name\":\"Aviso legal - Cool Wave\",\"isPartOf\":{\"@id\":\"http:\/\/wp2.iesagora.es:60011\/mborrallop01\/#website\"},\"datePublished\":\"2025-01-29T18:46:05+00:00\",\"dateModified\":\"2025-01-29T18:48:34+00:00\",\"breadcrumb\":{\"@id\":\"http:\/\/wp2.iesagora.es:60011\/mborrallop01\/aviso-legal\/#breadcrumb\"},\"inLanguage\":\"es\",\"potentialAction\":[{\"@type\":\"ReadAction\",\"target\":[\"http:\/\/wp2.iesagora.es:60011\/mborrallop01\/aviso-legal\/\"]}]},{\"@type\":\"BreadcrumbList\",\"@id\":\"http:\/\/wp2.iesagora.es:60011\/mborrallop01\/aviso-legal\/#breadcrumb\",\"itemListElement\":[{\"@type\":\"ListItem\",\"position\":1,\"name\":\"Portada\",\"item\":\"http:\/\/wp2.iesagora.es:60011\/mborrallop01\/\"},{\"@type\":\"ListItem\",\"position\":2,\"name\":\"Aviso legal\"}]},{\"@type\":\"WebSite\",\"@id\":\"http:\/\/wp2.iesagora.es:60011\/mborrallop01\/#website\",\"url\":\"http:\/\/wp2.iesagora.es:60011\/mborrallop01\/\",\"name\":\"Cool Wave\",\"description\":\"\",\"publisher\":{\"@id\":\"http:\/\/wp2.iesagora.es:60011\/mborrallop01\/#organization\"},\"potentialAction\":[{\"@type\":\"SearchAction\",\"target\":{\"@type\":\"EntryPoint\",\"urlTemplate\":\"http:\/\/wp2.iesagora.es:60011\/mborrallop01\/?s={search_term_string}\"},\"query-input\":{\"@type\":\"PropertyValueSpecification\",\"valueRequired\":true,\"valueName\":\"search_term_string\"}}],\"inLanguage\":\"es\"},{\"@type\":\"Organization\",\"@id\":\"http:\/\/wp2.iesagora.es:60011\/mborrallop01\/#organization\",\"name\":\"Cool Wave\",\"url\":\"http:\/\/wp2.iesagora.es:60011\/mborrallop01\/\",\"logo\":{\"@type\":\"ImageObject\",\"inLanguage\":\"es\",\"@id\":\"http:\/\/wp2.iesagora.es:60011\/mborrallop01\/#\/schema\/logo\/image\/\",\"url\":\"http:\/\/wp2.iesagora.es:60011\/mborrallop01\/wp-content\/uploads\/sites\/122\/2025\/01\/Beige-and-Cobalt-Modern-Retro-Logo-1-e1740427977190.png\",\"contentUrl\":\"http:\/\/wp2.iesagora.es:60011\/mborrallop01\/wp-content\/uploads\/sites\/122\/2025\/01\/Beige-and-Cobalt-Modern-Retro-Logo-1-e1740427977190.png\",\"width\":320,\"height\":291,\"caption\":\"Cool Wave\"},\"image\":{\"@id\":\"http:\/\/wp2.iesagora.es:60011\/mborrallop01\/#\/schema\/logo\/image\/\"}}]}<\/script>\n<!-- \/ Yoast SEO plugin. -->","yoast_head_json":{"title":"Aviso legal - Cool Wave","robots":{"index":"index","follow":"follow","max-snippet":"max-snippet:-1","max-image-preview":"max-image-preview:large","max-video-preview":"max-video-preview:-1"},"canonical":"http:\/\/wp2.iesagora.es:60011\/mborrallop01\/aviso-legal\/","og_locale":"es_ES","og_type":"article","og_title":"Aviso legal - Cool Wave","og_description":"Aviso legal Informaci\u00f3n legal Condiciones de uso Aviso de privacidad de Amazon.es Aviso de Privacidad sobre ni\u00f1os Dispositivo anticopia Informaci\u00f3 [&hellip;]","og_url":"http:\/\/wp2.iesagora.es:60011\/mborrallop01\/aviso-legal\/","og_site_name":"Cool Wave","article_modified_time":"2025-01-29T18:48:34+00:00","twitter_card":"summary_large_image","schema":{"@context":"https:\/\/schema.org","@graph":[{"@type":"WebPage","@id":"http:\/\/wp2.iesagora.es:60011\/mborrallop01\/aviso-legal\/","url":"http:\/\/wp2.iesagora.es:60011\/mborrallop01\/aviso-legal\/","name":"Aviso legal - Cool Wave","isPartOf":{"@id":"http:\/\/wp2.iesagora.es:60011\/mborrallop01\/#website"},"datePublished":"2025-01-29T18:46:05+00:00","dateModified":"2025-01-29T18:48:34+00:00","breadcrumb":{"@id":"http:\/\/wp2.iesagora.es:60011\/mborrallop01\/aviso-legal\/#breadcrumb"},"inLanguage":"es","potentialAction":[{"@type":"ReadAction","target":["http:\/\/wp2.iesagora.es:60011\/mborrallop01\/aviso-legal\/"]}]},{"@type":"BreadcrumbList","@id":"http:\/\/wp2.iesagora.es:60011\/mborrallop01\/aviso-legal\/#breadcrumb","itemListElement":[{"@type":"ListItem","position":1,"name":"Portada","item":"http:\/\/wp2.iesagora.es:60011\/mborrallop01\/"},{"@type":"ListItem","position":2,"name":"Aviso legal"}]},{"@type":"WebSite","@id":"http:\/\/wp2.iesagora.es:60011\/mborrallop01\/#website","url":"http:\/\/wp2.iesagora.es:60011\/mborrallop01\/","name":"Cool Wave","description":"","publisher":{"@id":"http:\/\/wp2.iesagora.es:60011\/mborrallop01\/#organization"},"potentialAction":[{"@type":"SearchAction","target":{"@type":"EntryPoint","urlTemplate":"http:\/\/wp2.iesagora.es:60011\/mborrallop01\/?s={search_term_string}"},"query-input":{"@type":"PropertyValueSpecification","valueRequired":true,"valueName":"search_term_string"}}],"inLanguage":"es"},{"@type":"Organization","@id":"http:\/\/wp2.iesagora.es:60011\/mborrallop01\/#organization","name":"Cool Wave","url":"http:\/\/wp2.iesagora.es:60011\/mborrallop01\/","logo":{"@type":"ImageObject","inLanguage":"es","@id":"http:\/\/wp2.iesagora.es:60011\/mborrallop01\/#\/schema\/logo\/image\/","url":"http:\/\/wp2.iesagora.es:60011\/mborrallop01\/wp-content\/uploads\/sites\/122\/2025\/01\/Beige-and-Cobalt-Modern-Retro-Logo-1-e1740427977190.png","contentUrl":"http:\/\/wp2.iesagora.es:60011\/mborrallop01\/wp-content\/uploads\/sites\/122\/2025\/01\/Beige-and-Cobalt-Modern-Retro-Logo-1-e1740427977190.png","width":320,"height":291,"caption":"Cool Wave"},"image":{"@id":"http:\/\/wp2.iesagora.es:60011\/mborrallop01\/#\/schema\/logo\/image\/"}}]}},"_links":{"self":[{"href":"http:\/\/wp2.iesagora.es:60011\/mborrallop01\/wp-json\/wp\/v2\/pages\/107","targetHints":{"allow":["GET"]}}],"collection":[{"href":"http:\/\/wp2.iesagora.es:60011\/mborrallop01\/wp-json\/wp\/v2\/pages"}],"about":[{"href":"http:\/\/wp2.iesagora.es:60011\/mborrallop01\/wp-json\/wp\/v2\/types\/page"}],"author":[{"embeddable":true,"href":"http:\/\/wp2.iesagora.es:60011\/mborrallop01\/wp-json\/wp\/v2\/users\/54"}],"replies":[{"embeddable":true,"href":"http:\/\/wp2.iesagora.es:60011\/mborrallop01\/wp-json\/wp\/v2\/comments?post=107"}],"version-history":[{"count":5,"href":"http:\/\/wp2.iesagora.es:60011\/mborrallop01\/wp-json\/wp\/v2\/pages\/107\/revisions"}],"predecessor-version":[{"id":118,"href":"http:\/\/wp2.iesagora.es:60011\/mborrallop01\/wp-json\/wp\/v2\/pages\/107\/revisions\/118"}],"wp:attachment":[{"href":"http:\/\/wp2.iesagora.es:60011\/mborrallop01\/wp-json\/wp\/v2\/media?parent=107"}],"curies":[{"name":"wp","href":"https:\/\/api.w.org\/{rel}","templated":true}]}}