{"id":699,"date":"2025-02-28T14:02:55","date_gmt":"2025-02-28T13:02:55","guid":{"rendered":"http:\/\/wp2.iesagora.es:60011\/abravop08\/?post_type=product&#038;p=699"},"modified":"2025-03-15T00:28:14","modified_gmt":"2025-03-14T23:28:14","slug":"libreta-negra-autech-solutions","status":"publish","type":"product","link":"http:\/\/wp2.iesagora.es:60011\/abravop08\/producto\/libreta-negra-autech-solutions\/","title":{"rendered":"Libreta Autech Solutions"},"content":{"rendered":"<p data-start=\"36\" data-end=\"341\">Lleva tu productividad al siguiente nivel con la <strong data-start=\"85\" data-end=\"124\">Libreta negra de <a href=\"http:\/\/wp2.iesagora.es:60011\/abravop08\/tienda\/?v=efb03b68f7a0\">Autech Solutions<\/a><\/strong> en color negro. Dise\u00f1ada para profesionales, emprendedores y entusiastas de la tecnolog\u00eda, esta libreta combina elegancia, funcionalidad y resistencia, con el logotipo de <strong data-start=\"296\" data-end=\"316\">Autech Solutions<\/strong> impreso en la portada.<\/p>\n<p data-start=\"343\" data-end=\"625\">Su dise\u00f1o en negro le otorga un toque sofisticado y moderno, ideal para reuniones, planificaci\u00f3n de proyectos o simplemente para plasmar ideas innovadoras. La encuadernaci\u00f3n en espiral permite una apertura c\u00f3moda y flexible, garantizando una escritura fluida en cualquier entorno.<\/p>\n<p data-start=\"627\" data-end=\"921\">En <strong data-start=\"630\" data-end=\"650\">Autech Solutions<\/strong>, nos especializamos en automatizaci\u00f3n, inteligencia artificial y optimizaci\u00f3n de procesos empresariales. Esta libreta no solo es un accesorio, sino una herramienta para mentes creativas que buscan estructurar sus pensamientos y llevar sus proyectos al siguiente nivel.<\/p>\n<p data-start=\"923\" data-end=\"1112\">Perfecta para el d\u00eda a d\u00eda, esta libreta se adapta a cualquier entorno laboral o acad\u00e9mico, convirti\u00e9ndose en un complemento esencial para quienes valoran la organizaci\u00f3n y la innovaci\u00f3n.<\/p>\n<h3 data-start=\"1114\" data-end=\"1153\"><strong data-start=\"1118\" data-end=\"1151\">Caracter\u00edsticas de la libreta negra:<\/strong><\/h3>\n<ul data-start=\"1154\" data-end=\"1463\">\n<li data-start=\"1154\" data-end=\"1189\"><strong data-start=\"1156\" data-end=\"1167\">Tama\u00f1o:<\/strong> Compacto y port\u00e1til<\/li>\n<li data-start=\"1190\" data-end=\"1247\"><strong data-start=\"1192\" data-end=\"1202\">Color:<\/strong> Negro con logotipo impreso en alta calidad<\/li>\n<li data-start=\"1248\" data-end=\"1311\"><strong data-start=\"1250\" data-end=\"1269\">Encuadernaci\u00f3n:<\/strong> Espiral resistente para mayor comodidad<\/li>\n<li data-start=\"1312\" data-end=\"1380\"><strong data-start=\"1314\" data-end=\"1326\">P\u00e1ginas:<\/strong> Hojas de alta calidad ideales para escritura fluida<\/li>\n<li data-start=\"1381\" data-end=\"1463\"><strong data-start=\"1383\" data-end=\"1391\">Uso:<\/strong> Perfecta para reuniones, notas de trabajo y planificaci\u00f3n estrat\u00e9gica<\/li>\n<\/ul>\n<p data-start=\"1465\" data-end=\"1601\">Transforma tus ideas en proyectos con la <strong data-start=\"1506\" data-end=\"1534\">Libreta Autech Solutions<\/strong>. \u00a1Cons\u00edguela ahora y lleva la innovaci\u00f3n contigo a todas partes!<\/p>\n","protected":false},"excerpt":{"rendered":"<p>Lleva tu productividad al siguiente nivel con la Libreta negra de Autech Solutions en color negro. Dise\u00f1ada para profesionales, emprendedores [&hellip;]<\/p>\n","protected":false},"featured_media":693,"comment_status":"open","ping_status":"closed","template":"","meta":{"site-sidebar-layout":"default","site-content-layout":"","ast-site-content-layout":"default","site-content-style":"default","site-sidebar-style":"default","ast-global-header-display":"","ast-banner-title-visibility":"","ast-main-header-display":"","ast-hfb-above-header-display":"","ast-hfb-below-header-display":"","ast-hfb-mobile-header-display":"","site-post-title":"","ast-breadcrumbs-content":"","ast-featured-img":"","footer-sml-layout":"","theme-transparent-header-meta":"default","adv-header-id-meta":"","stick-header-meta":"","header-above-stick-meta":"","header-main-stick-meta":"","header-below-stick-meta":"","astra-migrate-meta-layouts":"set","ast-page-background-enabled":"default","ast-page-background-meta":{"desktop":{"background-color":"var(--ast-global-color-5)","background-image":"","background-repeat":"repeat","background-position":"center center","background-size":"auto","background-attachment":"scroll","background-type":"","background-media":"","overlay-type":"","overlay-color":"","overlay-opacity":"","overlay-gradient":""},"tablet":{"background-color":"","background-image":"","background-repeat":"repeat","background-position":"center center","background-size":"auto","background-attachment":"scroll","background-type":"","background-media":"","overlay-type":"","overlay-color":"","overlay-opacity":"","overlay-gradient":""},"mobile":{"background-color":"","background-image":"","background-repeat":"repeat","background-position":"center center","background-size":"auto","background-attachment":"scroll","background-type":"","background-media":"","overlay-type":"","overlay-color":"","overlay-opacity":"","overlay-gradient":""}},"ast-content-background-meta":{"desktop":{"background-color":"var(--ast-global-color-4)","background-image":"","background-repeat":"repeat","background-position":"center center","background-size":"auto","background-attachment":"scroll","background-type":"","background-media":"","overlay-type":"","overlay-color":"","overlay-opacity":"","overlay-gradient":""},"tablet":{"background-color":"var(--ast-global-color-4)","background-image":"","background-repeat":"repeat","background-position":"center center","background-size":"auto","background-attachment":"scroll","background-type":"","background-media":"","overlay-type":"","overlay-color":"","overlay-opacity":"","overlay-gradient":""},"mobile":{"background-color":"var(--ast-global-color-4)","background-image":"","background-repeat":"repeat","background-position":"center center","background-size":"auto","background-attachment":"scroll","background-type":"","background-media":"","overlay-type":"","overlay-color":"","overlay-opacity":"","overlay-gradient":""}}},"product_brand":[],"product_cat":[54],"product_tag":[],"class_list":{"0":"post-699","1":"product","2":"type-product","3":"status-publish","4":"has-post-thumbnail","6":"product_cat-libretas","7":"pa_color-blanco","8":"pa_color-negro","9":"desktop-align-left","10":"tablet-align-left","11":"mobile-align-left","13":"first","14":"instock","15":"taxable","16":"shipping-taxable","17":"purchasable","18":"product-type-variable"},"yoast_head":"<!-- This site is optimized with the Yoast SEO plugin v26.8 - https:\/\/yoast.com\/product\/yoast-seo-wordpress\/ -->\n<title>Libreta negra | Autech Solutions<\/title>\n<meta name=\"description\" content=\"Descubre la Libreta negra Autech Solutions. Dise\u00f1o elegante, encuadernaci\u00f3n en espiral y hojas premium para una escritura fluida. \u00a1Ord\u00e9nala ahora! \ud83d\ude80\" \/>\n<meta name=\"robots\" content=\"index, follow, max-snippet:-1, max-image-preview:large, max-video-preview:-1\" \/>\n<link rel=\"canonical\" href=\"http:\/\/wp2.iesagora.es:60011\/abravop08\/producto\/libreta-negra-autech-solutions\/\" \/>\n<meta property=\"og:locale\" content=\"es_ES\" \/>\n<meta property=\"og:type\" content=\"article\" \/>\n<meta property=\"og:title\" content=\"Libreta negra | Autech Solutions\" \/>\n<meta property=\"og:description\" content=\"Descubre la Libreta negra Autech Solutions. Dise\u00f1o elegante, encuadernaci\u00f3n en espiral y hojas premium para una escritura fluida. \u00a1Ord\u00e9nala ahora! \ud83d\ude80\" \/>\n<meta property=\"og:url\" content=\"http:\/\/wp2.iesagora.es:60011\/abravop08\/producto\/libreta-negra-autech-solutions\/\" \/>\n<meta property=\"article:modified_time\" content=\"2025-03-14T23:28:14+00:00\" \/>\n<meta property=\"og:image\" content=\"http:\/\/wp2.iesagora.es:60011\/abravop08\/wp-content\/uploads\/sites\/115\/2025\/02\/libreta-negra-autech.png\" \/>\n\t<meta property=\"og:image:width\" content=\"452\" \/>\n\t<meta property=\"og:image:height\" content=\"529\" \/>\n\t<meta property=\"og:image:type\" content=\"image\/png\" \/>\n<meta name=\"twitter:card\" content=\"summary_large_image\" \/>\n<meta name=\"twitter:label1\" content=\"Tiempo de lectura\" \/>\n\t<meta name=\"twitter:data1\" content=\"2 minutos\" \/>\n<script type=\"application\/ld+json\" class=\"yoast-schema-graph\">{\"@context\":\"https:\/\/schema.org\",\"@graph\":[{\"@type\":\"WebPage\",\"@id\":\"http:\/\/wp2.iesagora.es:60011\/abravop08\/producto\/libreta-negra-autech-solutions\/\",\"url\":\"http:\/\/wp2.iesagora.es:60011\/abravop08\/producto\/libreta-negra-autech-solutions\/\",\"name\":\"Libreta negra | Autech Solutions\",\"isPartOf\":{\"@id\":\"http:\/\/wp2.iesagora.es:60011\/abravop08\/#website\"},\"primaryImageOfPage\":{\"@id\":\"http:\/\/wp2.iesagora.es:60011\/abravop08\/producto\/libreta-negra-autech-solutions\/#primaryimage\"},\"image\":{\"@id\":\"http:\/\/wp2.iesagora.es:60011\/abravop08\/producto\/libreta-negra-autech-solutions\/#primaryimage\"},\"thumbnailUrl\":\"http:\/\/wp2.iesagora.es:60011\/abravop08\/wp-content\/uploads\/sites\/115\/2025\/02\/libreta-negra-autech.png\",\"datePublished\":\"2025-02-28T13:02:55+00:00\",\"dateModified\":\"2025-03-14T23:28:14+00:00\",\"description\":\"Descubre la Libreta negra Autech Solutions. Dise\u00f1o elegante, encuadernaci\u00f3n en espiral y hojas premium para una escritura fluida. \u00a1Ord\u00e9nala ahora! \ud83d\ude80\",\"breadcrumb\":{\"@id\":\"http:\/\/wp2.iesagora.es:60011\/abravop08\/producto\/libreta-negra-autech-solutions\/#breadcrumb\"},\"inLanguage\":\"es\",\"potentialAction\":[{\"@type\":\"ReadAction\",\"target\":[\"http:\/\/wp2.iesagora.es:60011\/abravop08\/producto\/libreta-negra-autech-solutions\/\"]}]},{\"@type\":\"ImageObject\",\"inLanguage\":\"es\",\"@id\":\"http:\/\/wp2.iesagora.es:60011\/abravop08\/producto\/libreta-negra-autech-solutions\/#primaryimage\",\"url\":\"http:\/\/wp2.iesagora.es:60011\/abravop08\/wp-content\/uploads\/sites\/115\/2025\/02\/libreta-negra-autech.png\",\"contentUrl\":\"http:\/\/wp2.iesagora.es:60011\/abravop08\/wp-content\/uploads\/sites\/115\/2025\/02\/libreta-negra-autech.png\",\"width\":452,\"height\":529},{\"@type\":\"BreadcrumbList\",\"@id\":\"http:\/\/wp2.iesagora.es:60011\/abravop08\/producto\/libreta-negra-autech-solutions\/#breadcrumb\",\"itemListElement\":[{\"@type\":\"ListItem\",\"position\":1,\"name\":\"Portada\",\"item\":\"http:\/\/wp2.iesagora.es:60011\/abravop08\/\"},{\"@type\":\"ListItem\",\"position\":2,\"name\":\"Tienda\",\"item\":\"http:\/\/wp2.iesagora.es:60011\/abravop08\/tienda\/\"},{\"@type\":\"ListItem\",\"position\":3,\"name\":\"Libreta Autech Solutions\"}]},{\"@type\":\"WebSite\",\"@id\":\"http:\/\/wp2.iesagora.es:60011\/abravop08\/#website\",\"url\":\"http:\/\/wp2.iesagora.es:60011\/abravop08\/\",\"name\":\"Autechs Solutions\",\"description\":\"\",\"publisher\":{\"@id\":\"http:\/\/wp2.iesagora.es:60011\/abravop08\/#organization\"},\"potentialAction\":[{\"@type\":\"SearchAction\",\"target\":{\"@type\":\"EntryPoint\",\"urlTemplate\":\"http:\/\/wp2.iesagora.es:60011\/abravop08\/?s={search_term_string}\"},\"query-input\":{\"@type\":\"PropertyValueSpecification\",\"valueRequired\":true,\"valueName\":\"search_term_string\"}}],\"inLanguage\":\"es\"},{\"@type\":\"Organization\",\"@id\":\"http:\/\/wp2.iesagora.es:60011\/abravop08\/#organization\",\"name\":\"Autechs Solutions\",\"url\":\"http:\/\/wp2.iesagora.es:60011\/abravop08\/\",\"logo\":{\"@type\":\"ImageObject\",\"inLanguage\":\"es\",\"@id\":\"http:\/\/wp2.iesagora.es:60011\/abravop08\/#\/schema\/logo\/image\/\",\"url\":\"http:\/\/wp2.iesagora.es:60011\/abravop08\/wp-content\/uploads\/sites\/115\/2025\/01\/Icono_de_perfil__512_x_512_px___1_-removebg-preview-BLANCO.png\",\"contentUrl\":\"http:\/\/wp2.iesagora.es:60011\/abravop08\/wp-content\/uploads\/sites\/115\/2025\/01\/Icono_de_perfil__512_x_512_px___1_-removebg-preview-BLANCO.png\",\"width\":500,\"height\":500,\"caption\":\"Autechs Solutions\"},\"image\":{\"@id\":\"http:\/\/wp2.iesagora.es:60011\/abravop08\/#\/schema\/logo\/image\/\"}}]}<\/script>\n<!-- \/ Yoast SEO plugin. -->","yoast_head_json":{"title":"Libreta negra | Autech Solutions","description":"Descubre la Libreta negra Autech Solutions. Dise\u00f1o elegante, encuadernaci\u00f3n en espiral y hojas premium para una escritura fluida. \u00a1Ord\u00e9nala ahora! \ud83d\ude80","robots":{"index":"index","follow":"follow","max-snippet":"max-snippet:-1","max-image-preview":"max-image-preview:large","max-video-preview":"max-video-preview:-1"},"canonical":"http:\/\/wp2.iesagora.es:60011\/abravop08\/producto\/libreta-negra-autech-solutions\/","og_locale":"es_ES","og_type":"article","og_title":"Libreta negra | Autech Solutions","og_description":"Descubre la Libreta negra Autech Solutions. Dise\u00f1o elegante, encuadernaci\u00f3n en espiral y hojas premium para una escritura fluida. \u00a1Ord\u00e9nala ahora! \ud83d\ude80","og_url":"http:\/\/wp2.iesagora.es:60011\/abravop08\/producto\/libreta-negra-autech-solutions\/","article_modified_time":"2025-03-14T23:28:14+00:00","og_image":[{"width":452,"height":529,"url":"http:\/\/wp2.iesagora.es:60011\/abravop08\/wp-content\/uploads\/sites\/115\/2025\/02\/libreta-negra-autech.png","type":"image\/png"}],"twitter_card":"summary_large_image","twitter_misc":{"Tiempo de lectura":"2 minutos"},"schema":{"@context":"https:\/\/schema.org","@graph":[{"@type":"WebPage","@id":"http:\/\/wp2.iesagora.es:60011\/abravop08\/producto\/libreta-negra-autech-solutions\/","url":"http:\/\/wp2.iesagora.es:60011\/abravop08\/producto\/libreta-negra-autech-solutions\/","name":"Libreta negra | Autech Solutions","isPartOf":{"@id":"http:\/\/wp2.iesagora.es:60011\/abravop08\/#website"},"primaryImageOfPage":{"@id":"http:\/\/wp2.iesagora.es:60011\/abravop08\/producto\/libreta-negra-autech-solutions\/#primaryimage"},"image":{"@id":"http:\/\/wp2.iesagora.es:60011\/abravop08\/producto\/libreta-negra-autech-solutions\/#primaryimage"},"thumbnailUrl":"http:\/\/wp2.iesagora.es:60011\/abravop08\/wp-content\/uploads\/sites\/115\/2025\/02\/libreta-negra-autech.png","datePublished":"2025-02-28T13:02:55+00:00","dateModified":"2025-03-14T23:28:14+00:00","description":"Descubre la Libreta negra Autech Solutions. Dise\u00f1o elegante, encuadernaci\u00f3n en espiral y hojas premium para una escritura fluida. \u00a1Ord\u00e9nala ahora! \ud83d\ude80","breadcrumb":{"@id":"http:\/\/wp2.iesagora.es:60011\/abravop08\/producto\/libreta-negra-autech-solutions\/#breadcrumb"},"inLanguage":"es","potentialAction":[{"@type":"ReadAction","target":["http:\/\/wp2.iesagora.es:60011\/abravop08\/producto\/libreta-negra-autech-solutions\/"]}]},{"@type":"ImageObject","inLanguage":"es","@id":"http:\/\/wp2.iesagora.es:60011\/abravop08\/producto\/libreta-negra-autech-solutions\/#primaryimage","url":"http:\/\/wp2.iesagora.es:60011\/abravop08\/wp-content\/uploads\/sites\/115\/2025\/02\/libreta-negra-autech.png","contentUrl":"http:\/\/wp2.iesagora.es:60011\/abravop08\/wp-content\/uploads\/sites\/115\/2025\/02\/libreta-negra-autech.png","width":452,"height":529},{"@type":"BreadcrumbList","@id":"http:\/\/wp2.iesagora.es:60011\/abravop08\/producto\/libreta-negra-autech-solutions\/#breadcrumb","itemListElement":[{"@type":"ListItem","position":1,"name":"Portada","item":"http:\/\/wp2.iesagora.es:60011\/abravop08\/"},{"@type":"ListItem","position":2,"name":"Tienda","item":"http:\/\/wp2.iesagora.es:60011\/abravop08\/tienda\/"},{"@type":"ListItem","position":3,"name":"Libreta Autech Solutions"}]},{"@type":"WebSite","@id":"http:\/\/wp2.iesagora.es:60011\/abravop08\/#website","url":"http:\/\/wp2.iesagora.es:60011\/abravop08\/","name":"Autechs Solutions","description":"","publisher":{"@id":"http:\/\/wp2.iesagora.es:60011\/abravop08\/#organization"},"potentialAction":[{"@type":"SearchAction","target":{"@type":"EntryPoint","urlTemplate":"http:\/\/wp2.iesagora.es:60011\/abravop08\/?s={search_term_string}"},"query-input":{"@type":"PropertyValueSpecification","valueRequired":true,"valueName":"search_term_string"}}],"inLanguage":"es"},{"@type":"Organization","@id":"http:\/\/wp2.iesagora.es:60011\/abravop08\/#organization","name":"Autechs Solutions","url":"http:\/\/wp2.iesagora.es:60011\/abravop08\/","logo":{"@type":"ImageObject","inLanguage":"es","@id":"http:\/\/wp2.iesagora.es:60011\/abravop08\/#\/schema\/logo\/image\/","url":"http:\/\/wp2.iesagora.es:60011\/abravop08\/wp-content\/uploads\/sites\/115\/2025\/01\/Icono_de_perfil__512_x_512_px___1_-removebg-preview-BLANCO.png","contentUrl":"http:\/\/wp2.iesagora.es:60011\/abravop08\/wp-content\/uploads\/sites\/115\/2025\/01\/Icono_de_perfil__512_x_512_px___1_-removebg-preview-BLANCO.png","width":500,"height":500,"caption":"Autechs Solutions"},"image":{"@id":"http:\/\/wp2.iesagora.es:60011\/abravop08\/#\/schema\/logo\/image\/"}}]}},"_links":{"self":[{"href":"http:\/\/wp2.iesagora.es:60011\/abravop08\/wp-json\/wp\/v2\/product\/699","targetHints":{"allow":["GET"]}}],"collection":[{"href":"http:\/\/wp2.iesagora.es:60011\/abravop08\/wp-json\/wp\/v2\/product"}],"about":[{"href":"http:\/\/wp2.iesagora.es:60011\/abravop08\/wp-json\/wp\/v2\/types\/product"}],"replies":[{"embeddable":true,"href":"http:\/\/wp2.iesagora.es:60011\/abravop08\/wp-json\/wp\/v2\/comments?post=699"}],"version-history":[{"count":3,"href":"http:\/\/wp2.iesagora.es:60011\/abravop08\/wp-json\/wp\/v2\/product\/699\/revisions"}],"predecessor-version":[{"id":1125,"href":"http:\/\/wp2.iesagora.es:60011\/abravop08\/wp-json\/wp\/v2\/product\/699\/revisions\/1125"}],"wp:featuredmedia":[{"embeddable":true,"href":"http:\/\/wp2.iesagora.es:60011\/abravop08\/wp-json\/wp\/v2\/media\/693"}],"wp:attachment":[{"href":"http:\/\/wp2.iesagora.es:60011\/abravop08\/wp-json\/wp\/v2\/media?parent=699"}],"wp:term":[{"taxonomy":"product_brand","embeddable":true,"href":"http:\/\/wp2.iesagora.es:60011\/abravop08\/wp-json\/wp\/v2\/product_brand?post=699"},{"taxonomy":"product_cat","embeddable":true,"href":"http:\/\/wp2.iesagora.es:60011\/abravop08\/wp-json\/wp\/v2\/product_cat?post=699"},{"taxonomy":"product_tag","embeddable":true,"href":"http:\/\/wp2.iesagora.es:60011\/abravop08\/wp-json\/wp\/v2\/product_tag?post=699"}],"curies":[{"name":"wp","href":"https:\/\/api.w.org\/{rel}","templated":true}]}}