{"id":162,"date":"2025-01-29T19:49:46","date_gmt":"2025-01-29T18:49:46","guid":{"rendered":"http:\/\/wp2.iesagora.es:60011\/abravop08\/?page_id=162"},"modified":"2025-03-14T13:21:23","modified_gmt":"2025-03-14T12:21:23","slug":"aviso-legal","status":"publish","type":"page","link":"http:\/\/wp2.iesagora.es:60011\/abravop08\/aviso-legal\/","title":{"rendered":"Aviso legal"},"content":{"rendered":"\t\t<div data-elementor-type=\"wp-page\" data-elementor-id=\"162\" class=\"elementor elementor-162\" data-elementor-post-type=\"page\">\n\t\t\t\t<div class=\"elementor-element elementor-element-f5cbb93 e-flex e-con-boxed e-con e-parent\" data-id=\"f5cbb93\" data-element_type=\"container\">\n\t\t\t\t\t<div class=\"e-con-inner\">\n\t\t\t\t<div class=\"elementor-element elementor-element-a1249e3 elementor-widget elementor-widget-heading\" data-id=\"a1249e3\" data-element_type=\"widget\" data-widget_type=\"heading.default\">\n\t\t\t\t<div class=\"elementor-widget-container\">\n\t\t\t\t\t<h2 class=\"elementor-heading-title elementor-size-default\">Aviso Legal de Autech Solutions<\/h2>\t\t\t\t<\/div>\n\t\t\t\t<\/div>\n\t\t\t\t\t<\/div>\n\t\t\t\t<\/div>\n\t\t<div class=\"elementor-element elementor-element-73b9456 e-flex e-con-boxed e-con e-parent\" data-id=\"73b9456\" data-element_type=\"container\">\n\t\t\t\t\t<div class=\"e-con-inner\">\n\t\t\t\t<div class=\"elementor-element elementor-element-e8e0860 elementor-widget elementor-widget-text-editor\" data-id=\"e8e0860\" data-element_type=\"widget\" data-widget_type=\"text-editor.default\">\n\t\t\t\t<div class=\"elementor-widget-container\">\n\t\t\t\t\t\t\t\t\t<p data-pm-slice=\"1 1 []\"><strong>\u00a71. Informaci\u00f3n General<\/strong><\/p><p>En cumplimiento con la normativa vigente, Autech Solutions pone a disposici\u00f3n de los usuarios la siguiente informaci\u00f3n legal sobre su sitio web.<\/p><ul data-spread=\"false\"><li><p><strong>Titular:<\/strong> Autech Solutions<\/p><\/li><li><p><strong>Domicilio:<\/strong> Alquiler &#8211; Oficina en calle de Balmes, 185<\/p><\/li><li><p><strong>Correo electr\u00f3nico:<\/strong> autechsolutions25@gmail.com<\/p><\/li><li><p><strong style=\"font-size: 16px\">Tel\u00e9fono:<\/strong><span style=\"font-size: 16px\"> 661268940<\/span><\/p><\/li><li><p><strong>CIF\/NIF:<\/strong> 12345678Z<\/p><\/li><\/ul><p><strong>\u00a72. Condiciones de Uso<\/strong><\/p><p>El acceso y uso del sitio web de Autech Solutions est\u00e1 sujeto a las siguientes condiciones:<\/p><ul data-spread=\"false\"><li><p>El usuario se compromete a utilizar la web conforme a la legislaci\u00f3n vigente y la buena fe.<\/p><\/li><li><p>Queda prohibido el uso del sitio web con fines il\u00edcitos o lesivos para Autech Solutions o terceros.<\/p><\/li><li><p>Autech Solutions se reserva el derecho de modificar el contenido y condiciones del sitio web sin previo aviso.<\/p><\/li><\/ul><p><strong>\u00a73. Propiedad Intelectual e Industrial<\/strong><\/p><p>Todos los contenidos de este sitio web (textos, im\u00e1genes, logos, etc.) son propiedad de Autech Solutions o de terceros autorizados. Queda prohibida su reproducci\u00f3n, distribuci\u00f3n o modificaci\u00f3n sin la autorizaci\u00f3n expresa del titular.<\/p><p><strong>\u00a74. Responsabilidad<\/strong><\/p><p>Autech Solutions no se hace responsable de:<\/p><ul data-spread=\"false\"><li><p>El mal uso que los usuarios puedan hacer del sitio web.<\/p><\/li><li><p>Posibles errores de seguridad o interrupciones del servicio.<\/p><\/li><li><p>Contenidos de terceros enlazados desde este sitio web.<\/p><\/li><\/ul><p><strong>\u00a75. Legislaci\u00f3n Aplicable y Jurisdicci\u00f3n<\/strong><\/p><p>Las presentes condiciones se rigen por la legislaci\u00f3n espa\u00f1ola. Para cualquier controversia que pudiera derivarse del acceso o uso del sitio web, las partes se someten a los juzgados y tribunales de [ciudad o regi\u00f3n de referencia].<\/p><p><strong>\u00a76. Contacto<\/strong><\/p><p>Para cualquier consulta sobre este Aviso Legal, puede contactarnos a trav\u00e9s de nuestro sitio web en <a href=\"http:\/\/wp2.iesagora.es:60011\/abravop08\/\">Autech Solutions<\/a>.<\/p><p>\u00a0<\/p>\t\t\t\t\t\t\t\t<\/div>\n\t\t\t\t<\/div>\n\t\t\t\t\t<\/div>\n\t\t\t\t<\/div>\n\t\t\t\t<\/div>\n\t\t","protected":false},"excerpt":{"rendered":"<p>Aviso Legal de Autech Solutions \u00a71. Informaci\u00f3n General En cumplimiento con la normativa vigente, Autech Solutions pone a disposici\u00f3n de [&hellip;]<\/p>\n","protected":false},"author":46,"featured_media":0,"parent":0,"menu_order":0,"comment_status":"closed","ping_status":"closed","template":"","meta":{"site-sidebar-layout":"no-sidebar","site-content-layout":"","ast-site-content-layout":"full-width-container","site-content-style":"default","site-sidebar-style":"default","ast-global-header-display":"","ast-banner-title-visibility":"","ast-main-header-display":"","ast-hfb-above-header-display":"","ast-hfb-below-header-display":"","ast-hfb-mobile-header-display":"","site-post-title":"disabled","ast-breadcrumbs-content":"","ast-featured-img":"disabled","footer-sml-layout":"","theme-transparent-header-meta":"","adv-header-id-meta":"","stick-header-meta":"","header-above-stick-meta":"","header-main-stick-meta":"","header-below-stick-meta":"","astra-migrate-meta-layouts":"default","ast-page-background-enabled":"default","ast-page-background-meta":{"desktop":{"background-color":"var(--ast-global-color-5)","background-image":"","background-repeat":"repeat","background-position":"center center","background-size":"auto","background-attachment":"scroll","background-type":"","background-media":"","overlay-type":"","overlay-color":"","overlay-opacity":"","overlay-gradient":""},"tablet":{"background-color":"","background-image":"","background-repeat":"repeat","background-position":"center center","background-size":"auto","background-attachment":"scroll","background-type":"","background-media":"","overlay-type":"","overlay-color":"","overlay-opacity":"","overlay-gradient":""},"mobile":{"background-color":"","background-image":"","background-repeat":"repeat","background-position":"center center","background-size":"auto","background-attachment":"scroll","background-type":"","background-media":"","overlay-type":"","overlay-color":"","overlay-opacity":"","overlay-gradient":""}},"ast-content-background-meta":{"desktop":{"background-color":"var(--ast-global-color-4)","background-image":"","background-repeat":"repeat","background-position":"center center","background-size":"auto","background-attachment":"scroll","background-type":"","background-media":"","overlay-type":"","overlay-color":"","overlay-opacity":"","overlay-gradient":""},"tablet":{"background-color":"var(--ast-global-color-4)","background-image":"","background-repeat":"repeat","background-position":"center center","background-size":"auto","background-attachment":"scroll","background-type":"","background-media":"","overlay-type":"","overlay-color":"","overlay-opacity":"","overlay-gradient":""},"mobile":{"background-color":"var(--ast-global-color-4)","background-image":"","background-repeat":"repeat","background-position":"center center","background-size":"auto","background-attachment":"scroll","background-type":"","background-media":"","overlay-type":"","overlay-color":"","overlay-opacity":"","overlay-gradient":""}},"footnotes":""},"class_list":["post-162","page","type-page","status-publish","hentry"],"yoast_head":"<!-- This site is optimized with the Yoast SEO plugin v26.8 - https:\/\/yoast.com\/product\/yoast-seo-wordpress\/ -->\n<title>Aviso Legal Autech Solions<\/title>\n<meta name=\"description\" content=\"Este aviso legal regula el acceso y uso de la p\u00e1gina web. Al acceder a este sitio, aceptas los t\u00e9rminos y condiciones establecidos...\" \/>\n<meta name=\"robots\" content=\"index, follow, max-snippet:-1, max-image-preview:large, max-video-preview:-1\" \/>\n<link rel=\"canonical\" href=\"http:\/\/wp2.iesagora.es:60011\/abravop08\/aviso-legal\/\" \/>\n<meta property=\"og:locale\" content=\"es_ES\" \/>\n<meta property=\"og:type\" content=\"article\" \/>\n<meta property=\"og:title\" content=\"Aviso Legal Autech Solions\" \/>\n<meta property=\"og:description\" content=\"Este aviso legal regula el acceso y uso de la p\u00e1gina web. Al acceder a este sitio, aceptas los t\u00e9rminos y condiciones establecidos...\" \/>\n<meta property=\"og:url\" content=\"http:\/\/wp2.iesagora.es:60011\/abravop08\/aviso-legal\/\" \/>\n<meta property=\"article:modified_time\" content=\"2025-03-14T12:21:23+00:00\" \/>\n<meta name=\"twitter:card\" content=\"summary_large_image\" \/>\n<meta name=\"twitter:label1\" content=\"Tiempo de lectura\" \/>\n\t<meta name=\"twitter:data1\" content=\"2 minutos\" \/>\n<script type=\"application\/ld+json\" class=\"yoast-schema-graph\">{\"@context\":\"https:\/\/schema.org\",\"@graph\":[{\"@type\":\"WebPage\",\"@id\":\"http:\/\/wp2.iesagora.es:60011\/abravop08\/aviso-legal\/\",\"url\":\"http:\/\/wp2.iesagora.es:60011\/abravop08\/aviso-legal\/\",\"name\":\"Aviso Legal Autech Solions\",\"isPartOf\":{\"@id\":\"http:\/\/wp2.iesagora.es:60011\/abravop08\/#website\"},\"datePublished\":\"2025-01-29T18:49:46+00:00\",\"dateModified\":\"2025-03-14T12:21:23+00:00\",\"description\":\"Este aviso legal regula el acceso y uso de la p\u00e1gina web. Al acceder a este sitio, aceptas los t\u00e9rminos y condiciones establecidos...\",\"breadcrumb\":{\"@id\":\"http:\/\/wp2.iesagora.es:60011\/abravop08\/aviso-legal\/#breadcrumb\"},\"inLanguage\":\"es\",\"potentialAction\":[{\"@type\":\"ReadAction\",\"target\":[\"http:\/\/wp2.iesagora.es:60011\/abravop08\/aviso-legal\/\"]}]},{\"@type\":\"BreadcrumbList\",\"@id\":\"http:\/\/wp2.iesagora.es:60011\/abravop08\/aviso-legal\/#breadcrumb\",\"itemListElement\":[{\"@type\":\"ListItem\",\"position\":1,\"name\":\"Portada\",\"item\":\"http:\/\/wp2.iesagora.es:60011\/abravop08\/\"},{\"@type\":\"ListItem\",\"position\":2,\"name\":\"Aviso legal\"}]},{\"@type\":\"WebSite\",\"@id\":\"http:\/\/wp2.iesagora.es:60011\/abravop08\/#website\",\"url\":\"http:\/\/wp2.iesagora.es:60011\/abravop08\/\",\"name\":\"Autechs Solutions\",\"description\":\"\",\"publisher\":{\"@id\":\"http:\/\/wp2.iesagora.es:60011\/abravop08\/#organization\"},\"potentialAction\":[{\"@type\":\"SearchAction\",\"target\":{\"@type\":\"EntryPoint\",\"urlTemplate\":\"http:\/\/wp2.iesagora.es:60011\/abravop08\/?s={search_term_string}\"},\"query-input\":{\"@type\":\"PropertyValueSpecification\",\"valueRequired\":true,\"valueName\":\"search_term_string\"}}],\"inLanguage\":\"es\"},{\"@type\":\"Organization\",\"@id\":\"http:\/\/wp2.iesagora.es:60011\/abravop08\/#organization\",\"name\":\"Autechs Solutions\",\"url\":\"http:\/\/wp2.iesagora.es:60011\/abravop08\/\",\"logo\":{\"@type\":\"ImageObject\",\"inLanguage\":\"es\",\"@id\":\"http:\/\/wp2.iesagora.es:60011\/abravop08\/#\/schema\/logo\/image\/\",\"url\":\"http:\/\/wp2.iesagora.es:60011\/abravop08\/wp-content\/uploads\/sites\/115\/2025\/01\/Icono_de_perfil__512_x_512_px___1_-removebg-preview-BLANCO.png\",\"contentUrl\":\"http:\/\/wp2.iesagora.es:60011\/abravop08\/wp-content\/uploads\/sites\/115\/2025\/01\/Icono_de_perfil__512_x_512_px___1_-removebg-preview-BLANCO.png\",\"width\":500,\"height\":500,\"caption\":\"Autechs Solutions\"},\"image\":{\"@id\":\"http:\/\/wp2.iesagora.es:60011\/abravop08\/#\/schema\/logo\/image\/\"}}]}<\/script>\n<!-- \/ Yoast SEO plugin. -->","yoast_head_json":{"title":"Aviso Legal Autech Solions","description":"Este aviso legal regula el acceso y uso de la p\u00e1gina web. Al acceder a este sitio, aceptas los t\u00e9rminos y condiciones establecidos...","robots":{"index":"index","follow":"follow","max-snippet":"max-snippet:-1","max-image-preview":"max-image-preview:large","max-video-preview":"max-video-preview:-1"},"canonical":"http:\/\/wp2.iesagora.es:60011\/abravop08\/aviso-legal\/","og_locale":"es_ES","og_type":"article","og_title":"Aviso Legal Autech Solions","og_description":"Este aviso legal regula el acceso y uso de la p\u00e1gina web. Al acceder a este sitio, aceptas los t\u00e9rminos y condiciones establecidos...","og_url":"http:\/\/wp2.iesagora.es:60011\/abravop08\/aviso-legal\/","article_modified_time":"2025-03-14T12:21:23+00:00","twitter_card":"summary_large_image","twitter_misc":{"Tiempo de lectura":"2 minutos"},"schema":{"@context":"https:\/\/schema.org","@graph":[{"@type":"WebPage","@id":"http:\/\/wp2.iesagora.es:60011\/abravop08\/aviso-legal\/","url":"http:\/\/wp2.iesagora.es:60011\/abravop08\/aviso-legal\/","name":"Aviso Legal Autech Solions","isPartOf":{"@id":"http:\/\/wp2.iesagora.es:60011\/abravop08\/#website"},"datePublished":"2025-01-29T18:49:46+00:00","dateModified":"2025-03-14T12:21:23+00:00","description":"Este aviso legal regula el acceso y uso de la p\u00e1gina web. Al acceder a este sitio, aceptas los t\u00e9rminos y condiciones establecidos...","breadcrumb":{"@id":"http:\/\/wp2.iesagora.es:60011\/abravop08\/aviso-legal\/#breadcrumb"},"inLanguage":"es","potentialAction":[{"@type":"ReadAction","target":["http:\/\/wp2.iesagora.es:60011\/abravop08\/aviso-legal\/"]}]},{"@type":"BreadcrumbList","@id":"http:\/\/wp2.iesagora.es:60011\/abravop08\/aviso-legal\/#breadcrumb","itemListElement":[{"@type":"ListItem","position":1,"name":"Portada","item":"http:\/\/wp2.iesagora.es:60011\/abravop08\/"},{"@type":"ListItem","position":2,"name":"Aviso legal"}]},{"@type":"WebSite","@id":"http:\/\/wp2.iesagora.es:60011\/abravop08\/#website","url":"http:\/\/wp2.iesagora.es:60011\/abravop08\/","name":"Autechs Solutions","description":"","publisher":{"@id":"http:\/\/wp2.iesagora.es:60011\/abravop08\/#organization"},"potentialAction":[{"@type":"SearchAction","target":{"@type":"EntryPoint","urlTemplate":"http:\/\/wp2.iesagora.es:60011\/abravop08\/?s={search_term_string}"},"query-input":{"@type":"PropertyValueSpecification","valueRequired":true,"valueName":"search_term_string"}}],"inLanguage":"es"},{"@type":"Organization","@id":"http:\/\/wp2.iesagora.es:60011\/abravop08\/#organization","name":"Autechs Solutions","url":"http:\/\/wp2.iesagora.es:60011\/abravop08\/","logo":{"@type":"ImageObject","inLanguage":"es","@id":"http:\/\/wp2.iesagora.es:60011\/abravop08\/#\/schema\/logo\/image\/","url":"http:\/\/wp2.iesagora.es:60011\/abravop08\/wp-content\/uploads\/sites\/115\/2025\/01\/Icono_de_perfil__512_x_512_px___1_-removebg-preview-BLANCO.png","contentUrl":"http:\/\/wp2.iesagora.es:60011\/abravop08\/wp-content\/uploads\/sites\/115\/2025\/01\/Icono_de_perfil__512_x_512_px___1_-removebg-preview-BLANCO.png","width":500,"height":500,"caption":"Autechs Solutions"},"image":{"@id":"http:\/\/wp2.iesagora.es:60011\/abravop08\/#\/schema\/logo\/image\/"}}]}},"_links":{"self":[{"href":"http:\/\/wp2.iesagora.es:60011\/abravop08\/wp-json\/wp\/v2\/pages\/162","targetHints":{"allow":["GET"]}}],"collection":[{"href":"http:\/\/wp2.iesagora.es:60011\/abravop08\/wp-json\/wp\/v2\/pages"}],"about":[{"href":"http:\/\/wp2.iesagora.es:60011\/abravop08\/wp-json\/wp\/v2\/types\/page"}],"author":[{"embeddable":true,"href":"http:\/\/wp2.iesagora.es:60011\/abravop08\/wp-json\/wp\/v2\/users\/46"}],"replies":[{"embeddable":true,"href":"http:\/\/wp2.iesagora.es:60011\/abravop08\/wp-json\/wp\/v2\/comments?post=162"}],"version-history":[{"count":6,"href":"http:\/\/wp2.iesagora.es:60011\/abravop08\/wp-json\/wp\/v2\/pages\/162\/revisions"}],"predecessor-version":[{"id":759,"href":"http:\/\/wp2.iesagora.es:60011\/abravop08\/wp-json\/wp\/v2\/pages\/162\/revisions\/759"}],"wp:attachment":[{"href":"http:\/\/wp2.iesagora.es:60011\/abravop08\/wp-json\/wp\/v2\/media?parent=162"}],"curies":[{"name":"wp","href":"https:\/\/api.w.org\/{rel}","templated":true}]}}